alse
Is 12018101 composite?
False
Is 26854787 a composite number?
False
Is 101884997 a composite number?
False
Is 12644027 composite?
True
Is 132866233 composite?
True
Is 12492021 composite?
True
Is 278961047 a prime number?
True
Is 381433439 prime?
True
Is 2556557 a composite number?
True
Is 424281263 a composite number?
True
Is 38250959 a composite number?
False
Is 2137859 composite?
False
Is 61949 a prime number?
True
Is 2427989 prime?
True
Is 3551554 a prime number?
False
Is 88780661 composite?
True
Is 2994729 a composite number?
True
Is 3254487 prime?
False
Is 4045534 a composite number?
True
Is 130267 a composite number?
False
Is 38030219 composite?
True
Is 1906417 prime?
True
Is 5100767 a prime number?
False
Is 75904307 prime?
False
Is 812627 a prime number?
True
Is 258858317 a prime number?
True
Is 4458071 a prime number?
True
Is 7878389 a composite number?
True
Is 29282503 a prime number?
False
Is 91576277 a prime number?
False
Is 34194883 composite?
True
Is 58083071 a composite number?
True
Is 24943357 a composite number?
False
Is 413615141 composite?
True
Is 1457749 a prime number?
True
Is 147093 prime?
False
Is 156419 composite?
False
Is 142265377 a composite number?
True
Is 6521477 prime?
True
Is 73957057 a composite number?
True
Is 15541223 a prime number?
True
Is 26992451 composite?
False
Is 3428167 a composite number?
True
Is 3323221 a prime number?
False
Is 390334691 a prime number?
True
Is 1805021 composite?
True
Is 101656339 a prime number?
False
Is 16046519 composite?
False
Is 4525735 a prime number?
False
Is 27811594 a composite number?
True
Is 924262727 composite?
False
Is 514905203 a prime number?
True
Is 42918797 composite?
False
Is 191094965 composite?
True
Is 3887579 a prime number?
False
Is 1917463 composite?
False
Is 364027 a composite number?
False
Is 36736277 prime?
True
Is 90103201 composite?
True
Is 6167537 prime?
False
Is 49432759 a composite number?
False
Is 8431351 prime?
True
Is 4630753 composite?
False
Is 26244401 composite?
True
Is 4720637 a prime number?
True
Is 1252517 a composite number?
True
Is 91139053 a composite number?
True
Is 6543443 composite?
False
Is 233851 prime?
True
Is 5676809 a composite number?
True
Is 21011849 composite?
True
Is 5166613 a prime number?
False
Is 3156871 a composite number?
False
Is 8326343 prime?
False
Is 3152927 composite?
False
Is 25999417 composite?
True
Is 29561221 a prime number?
True
Is 883426 prime?
False
Is 3157633 a prime number?
False
Is 913111 composite?
True
Is 34354079 composite?
False
Is 14566067 a prime number?
True
Is 872873 composite?
True
Is 12079031 composite?
True
Is 249299293 a composite number?
True
Is 20827403 a prime number?
True
Is 88639751 a composite number?
True
Is 7092091 prime?
True
Is 335901413 a composite number?
False
Is 5423169 a prime number?
False
Is 246970181 prime?
True
Is 287306527 a composite number?
False
Is 26585387 a prime number?
False
Is 17434573 prime?
False
Is 5708533 a prime number?
True
Is 94100299 composite?
False
Is 58227101 composite?
False
Is 808771 composite?
False
Is 137653 a prime number?
True
Is 6554371 a prime number?
True
Is 22644649 a composite number?
True
Is 2953289 a composite number?
True
Is 31372993 composite?
True
Is 1273367 a composite number?
False
Is 1125317 a composite number?
False
Is 187013971 composite?
False
Is 30902483 composite?
False
Is 6552629 a composite number?
False
Is 10941157 prime?
True
Is 367841 prime?
True
Is 326062157 a composite number?
False
Is 49423763 composite?
False
Is 304796893 a prime number?
False
Is 52431779 a composite number?
True
Is 18433693 composite?
False
Is 1325333 prime?
True
Is 66078571 a composite number?
True
Is 3314057 a composite number?
True
Is 697231 a prime number?
False
Is 354897947 a composite number?
False
Is 1890303 prime?
False
Is 23444977 a composite number?
False
Is 578891661 a composite number?
True
Is 5560759 composite?
False
Is 8542409 a composite number?
False
Is 415619 composite?
True
Is 21712057 composite?
False
Is 5326315 a composite number?
True
Is 21872911 a prime number?
False
Is 360323237 a composite number?
False
Is 137776165 composite?
True
Is 2513041 prime?
False
Is 288877 a prime number?
True
Is 5996451 composite?
True
Is 132225187 a prime number?
False
Is 58768846 prime?
False
Is 5857177 prime?
True
Is 36334451 composite?
False
Is 34213709 a composite number?
False
Is 446977411 a composite number?
False
Is 14537009 a prime number?
False
Is 12726221 prime?
True
Is 503017 composite?
False
Is 2322707 a prime number?
True
Is 34081237 a composite number?
False
Is 1178347 a prime number?
True
Is 681210457 a prime number?
True
Is 7034063 prime?
True
Is 2164087 prime?
False
Is 59483 a prime number?
False
Is 37884397 composite?
True
Is 617431 a composite number?
True
Is 257748071 composite?
True
Is 1164293 prime?
False
Is 59203621 a composite number?
True
Is 4360973 composite?
False
Is 405820633 a composite number?
False
Is 32328209 composite?
False
Is 73183529 prime?
False
Is 1031827 a composite number?
True
Is 37400521 composite?
False
Is 488669687 a prime number?
False
Is 233518697 a prime number?
True
Is 1174809851 prime?
True
Is 14599009 a prime number?
False
Is 4242109 a prime number?
True
Is 23249813 prime?
True
Is 1475601 a composite number?
True
Is 957919 composite?
True
Is 866969 prime?
True
Is 2323336181 composite?
False
Is 2708179 a prime number?
False
Is 2625277 prime?
True
Is 202942615 composite?
True
Is 104366035 composite?
True
Is 306632743 a prime number?
True
Is 10903429 prime?
True
Is 303949447 composite?
False
Is 124191541 a prime number?
True
Is 7545719 a prime number?
False
Is 8270998 composite?
True
Is 26128079 composite?
False
Is 2798779 composite?
True
Is 66054959 a composite number?
True
Is 562531621 prime?
True
Is 59463581 a composite number?
False
Is 137793979 prime?
False
Is 14484067 a prime number?
False
Is 1199183 a prime number?
True
Is 2835653 composite?
False
Is 3516367 prime?
True
Is 265052467 a composite number?
False
Is 298981139 composite?
False
Is 10254649 a prime number?
False
Is 25377973 a composite number?
False
Is 94327507 composite?
False
Is 11573531 composite?
True
Is 447407 a composite number?
True
Is 1310593 composite?
True
Is 68270539 a composite number?
True
Is 6042413 prime?
False
Is 13491741 a composite number?
True
Is 8854201 a prime number?
False
Is 525313 a composite number?
False
Is 344950223 a composite number?
True
Is 1447981 a composite number?
False
Is 9086723 a prime number?
False
Is 350677 a composite number?
False
Is 5005883 a composite number?
False
Is 48663947 composite?
False
Is 174774189 a composite number?
True
Is 20444887 a composite number?
False
Is 3958257 composite?
True
Is 7128799 prime?
True
Is 75413963 a prime number?
False
Is 464336647 composite?
False
Is 6019771 prime?
True
Is 4036939 composite?
True
Is 304077219 prime?
False
Is 677764853 composite?
True
Is 383760985 prime?
False
Is 54578819 prime?
True
Is 3336517945 composite?
True
Is 1918129 a prime number?
True
Is 24977635 a prime number?
False
Is 119773273 prime?
False
Is 9324907 a composite number?
False
Is 26004041 a prime number?
False
Is 2084179 a prime number?
True
Is 9069737 a composite number?
True
Is 195259541 a prime number?
False
Is 5345 prime?
False
Is 13801459 prime?
False
Is 46550941 a prime number?
False
Is 873101 composite?
True
Is 10063307 a prime number?
True
Is 15475451 composite?
False
Is 5312519 a composite number?
False
Is 651587 composite?
False
Is 2354101 a composite number?
True
Is 450673739 a composite number?
False
Is 19920091 composite?
True
Is 250606219 a composite number?
True
Is 2462617 a composite number?
False
Is 12373 a prime number?
True
Is 509856761 composite?
False
Is 677291 prime?
False
Is 1013959 a prime number?
False
Is 92434341 a prime number?
False
Is 11468159 a prime number?
True
Is 157801181 a prime number?
True
Is 12944915 a prime number?
False
Is 123259 prime?
True
Is 33366041 a composite number?
False
Is 6917129 prime?
False
Is 63367639 composite?
True
Is 96427277 a composite number?
False
Is 140231293 prime?
False
Is 6012239 composite?
False
Is 17223571 composite?
False
Is 79654997 prime?
False
Is 1748867 a composite number?
True
Is 7154911 a prime number?
True
Is 1338